{"id":148,"date":"2014-10-31T11:52:50","date_gmt":"2014-10-31T10:52:50","guid":{"rendered":"http:\/\/kathtreff.org\/blog\/?page_id=148"},"modified":"2015-04-16T08:31:52","modified_gmt":"2015-04-16T07:31:52","slug":"impressum","status":"publish","type":"page","link":"https:\/\/www.kathtreff.org\/blog\/impressum\/","title":{"rendered":"Impressum"},"content":{"rendered":"<p>kathTreff: das katholische Portal f\u00fcr Partnersuchende<\/p>\n<p>Einzelunternehmer Dr. Martin Kugler<br \/>\nM\u00f6llwaldplatz 5; A-1040 Wien.<br \/>\nT. 01\/2749898<br \/>\nE. office@kathtreff.org<\/p>\n<p><a title=\"Ma\u00dfgeschneiderte Websites und Webapps by INFOUND\" href=\"http:\/\/www.infound.at\" target=\"_blank\">Design und Programmierung by INFOUND.<br \/>\n<\/a><br \/>\nGrundlegende Richtung der Website: Online Dating Service mit vielf\u00e4ltigem Angebot.<\/p>\n<p>Unternehmensgegenstand: Ehevermittlung<\/p>\n<p>Mitgliedschaft bei Kammerorganisationen:<br \/>\nWirtschaftskammer Wien, Fachgruppe gewerblicher Dienstleister.<\/p>\n<p>Beh\u00f6rde: Magistratisches Bezirksamt f\u00fcr den IV. Bezirk.<\/p>\n<p>Gewerbe- oder berufsrechtliche Vorschriften:<br \/>\n\u00d6sterreichische Gewerbeordnung, <a href=\"http:\/\/www.ris.bka.gv.at\/\">www.ris.bka.gv.at<\/a>.<\/p>\n<p>UID-Nummer: ATU61729767<\/p>\n<p>Informationen zum Datenschutz:<br \/>\nDie Einhaltung der geltenden gesetzlichen Bestimmungen zum Schutz personenbezogener Daten ist f\u00fcr uns selbstverst\u00e4ndlich. Gem\u00e4\u00df Datenschutzgesetz sind personenbezogene Daten Informationen, die genutzt werden k\u00f6nnen, um die Identit\u00e4t von Web-Benutzern zu erfahren. Darunter fallen Informationen wie Name, Adresse, Postanschrift, Telefonnummer etc. S\u00e4mtliche Informationen, die nicht direkt mit der tats\u00e4chlichen Identit\u00e4t des Benutzers in Verbindung gebracht werden k\u00f6nnen fallen somit nicht darunter. Bei Bedarf und sofern Sie einen personalisierten, interaktiven bzw. Mail-Dienst auf unserer Website verwenden, erfassen wir von Ihnen pers\u00f6nliche Informationen. Wir verwenden diese personenbezogenen Daten nur innerhalb unseres Unternehmens. Diese Daten werden nicht an Dritte weitergegeben, es sei denn, dies ist zur Vertragserf\u00fcllung erforderlich oder wir werden gesetzlich dazu verpflichtet.<\/p>\n<p>Unsere Internetseiten verwenden an mehreren Stellen so genannte Cookies. Cookies sind kleine Textdateien, die auf Ihrem Rechner abgelegt werden und die Ihr Browser speichert. Sie dienen dazu, unser Angebot nutzerfreundlicher, effektiver und sicherer zu machen. Des Weiteren erm\u00f6glichen Cookies unseren Systemen, Ihren Browser zu erkennen und Ihnen personalisierte Services anzubieten.<\/p>\n<p>Diese Website benutzt Google Analytics, einen Webanalysedienst der Google Inc. Google Analytics verwendet sog. \u0084Cookies\u0093, Textdateien, die auf Ihrem Computer gespeichert werden und die eine Analyse der Benutzung der Website durch Sie erm\u00f6glichen. Die durch den Cookie erzeugten Informationen \u00fcber Ihre Benutzung dieser Website (einschlie\u00dflich Ihrer IP-Adresse) wird an einen Server von Google in den USA \u00fcbertragen und dort gespeichert. Google wird diese Informationen benutzen, um Ihre Nutzung der Website auszuwerten, um Reports \u00fcber die Websiteaktivit\u00e4ten f\u00fcr die Websitebetreiber zusammenzustellen und um weitere mit der Websitenutzung und der Internetnutzung verbundene Dienstleistungen zu erbringen. Auch wird Google diese Informationen gegebenenfalls an Dritte \u00fcbertragen, sofern dies gesetzlich vorgeschrieben oder soweit Dritte diese Daten im Auftrag von Google verarbeiten. Google wird in keinem Fall Ihre IP-Adresse mit anderen Daten von Google in Verbindung bringen. Sie k\u00f6nnen die Installation der Cookies durch eine entsprechende Einstellung Ihrer Browser Software verhindern; wir weisen Sie jedoch darauf hin, dass Sie in diesem Fall gegebenenfalls nicht s\u00e4mtliche Funktionen dieser Website vollumf\u00e4nglich nutzen k\u00f6nnen. Durch die Nutzung dieser Website erkl\u00e4ren Sie sich mit der Bearbeitung der \u00fcber Sie erhobenen Daten durch Google in der zuvor beschriebenen Art und Weise und zu dem zuvor benannten Zweck einverstanden.<\/p>\n<p>Auf unserer Website sind Programme (Plug-ins) des sozialen Netzwerks Facebook enthalten. Diese werden ausschlie\u00dflich von der Facebook Inc. betrieben. Die Plug-Ins sind im Rahmen unseres Internetauftritts durch das Facebook Logo oder den Zusatz \u0084Gef\u00e4llt mir\u0094 erkennbar. Beim Besuch einer Website unseres Internetauftritts, die ein derartiges Plug-in beinhaltet, stellt ihr Browser eine direkte Verbindung mit den Servern von Facebook her, wodurch der Inhalt des Plug-ins an Ihren Browser \u00fcbermittelt und von diesem in die dargestellte Website eingebunden wird. Dadurch wird die Information, dass Sie unsere Website besucht haben, an Facebook weitergeleitet. Sofern Sie w\u00e4hrend des Besuchs unserer Website \u00fcber Ihr pers\u00f6nliches Benutzerkonto bei Facebook eingeloggt sind, kann Facebook den Websitebesuch diesem Konto zuordnen. Durch Interaktion mit Plug-ins, z.B. durch anklicken des \u0084Gef\u00e4llt mir\u0093-Buttons oder hinterlassen eines Kommentars werden diese entsprechenden Informationen direkt an Facebook \u00fcbermittelt und dort gespeichert. Wenn Sie eine solche Daten\u00fcbermittlung unterbinden m\u00f6chten, m\u00fcssen Sie sich vor dem Besuch unseres Internetauftritts unter Ihrem Facebook-Account ausloggen. Zweck und Umfang der Datenerhebung durch Facebook sowie die dortige weitere Verarbeitung und Nutzung Ihrer Daten wie auch Ihre diesbez\u00fcglichen Rechte und Einstellungen zum Schutz Ihrer Privatssph\u00e4re entnehmen Sie bitte den Datenschutzhinweisen von <a href=\"http:\/\/de-de.facebook.com\/policy.php\">Facebook<\/a>.<\/p>\n<p>Hinweis auf Widerspruchs- und Auskunftsrecht sowie auf die M\u00f6glichkeit der Richtigstellung oder L\u00f6schung<br \/>\nAuf Ihre schriftliche Anfrage werden wir Sie \u00fcber die zu Ihrer Person gespeicherten Daten informieren. Sie haben das Recht auf jederzeitigen Widerruf der Einwilligung zur Datenverarbeitung und -Verwendung Ihrer Daten mit Wirkung f\u00fcr die Zukunft. Auf Ihre schriftliche Anfrage werden wir unrichtige Daten richtig stellen bzw. umgehend und vollst\u00e4ndig l\u00f6schen.<br \/>\n<img loading=\"lazy\" decoding=\"async\" src=\"https:\/\/www.kathtreff.org\/uploads\/RTEmagicC_b64ffe8f92.gif.gif\" alt=\"Informationen zu E-Commerce und Mediengesetz\" width=\"169\" height=\"23\" \/><\/p>\n","protected":false},"excerpt":{"rendered":"<p>kathTreff: das katholische Portal f\u00fcr Partnersuchende Einzelunternehmer Dr. Martin Kugler M\u00f6llwaldplatz 5; A-1040 Wien. T. 01\/2749898 E. office@kathtreff.org Design und Programmierung by INFOUND. Grundlegende Richtung der Website: Online Dating Service mit vielf\u00e4ltigem Angebot. Unternehmensgegenstand: Ehevermittlung Mitgliedschaft bei Kammerorganisationen: Wirtschaftskammer Wien, Fachgruppe gewerblicher Dienstleister. Beh\u00f6rde: Magistratisches Bezirksamt f\u00fcr den IV. Bezirk. Gewerbe- oder berufsrechtliche Vorschriften: \u00d6sterreichische [&hellip;]<\/p>\n","protected":false},"author":1,"featured_media":0,"parent":0,"menu_order":0,"comment_status":"open","ping_status":"closed","template":"","meta":{"_genesis_hide_title":false,"_genesis_hide_breadcrumbs":false,"_genesis_hide_singular_image":false,"_genesis_hide_footer_widgets":false,"_genesis_custom_body_class":"impressum","_genesis_custom_post_class":"","_genesis_layout":"full-width-content","footnotes":""},"class_list":{"0":"post-148","1":"page","2":"type-page","3":"status-publish","5":"entry"},"yoast_head":"<!-- This site is optimized with the Yoast SEO plugin v27.5 - https:\/\/yoast.com\/product\/yoast-seo-wordpress\/ -->\n<title>Impressum - kathTreff Blog<\/title>\n<meta name=\"robots\" content=\"index, follow, max-snippet:-1, max-image-preview:large, max-video-preview:-1\" \/>\n<link rel=\"canonical\" href=\"https:\/\/www.kathtreff.org\/blog\/impressum\/\" \/>\n<meta name=\"twitter:label1\" content=\"Gesch\u00e4tzte Lesezeit\" \/>\n\t<meta name=\"twitter:data1\" content=\"4\u00a0Minuten\" \/>\n<script type=\"application\/ld+json\" class=\"yoast-schema-graph\">{\"@context\":\"https:\\\/\\\/schema.org\",\"@graph\":[{\"@type\":\"WebPage\",\"@id\":\"https:\\\/\\\/www.kathtreff.org\\\/blog\\\/impressum\\\/\",\"url\":\"https:\\\/\\\/www.kathtreff.org\\\/blog\\\/impressum\\\/\",\"name\":\"Impressum - kathTreff Blog\",\"isPartOf\":{\"@id\":\"https:\\\/\\\/www.kathtreff.org\\\/blog\\\/#website\"},\"primaryImageOfPage\":{\"@id\":\"https:\\\/\\\/www.kathtreff.org\\\/blog\\\/impressum\\\/#primaryimage\"},\"image\":{\"@id\":\"https:\\\/\\\/www.kathtreff.org\\\/blog\\\/impressum\\\/#primaryimage\"},\"thumbnailUrl\":\"https:\\\/\\\/www.kathtreff.org\\\/uploads\\\/RTEmagicC_b64ffe8f92.gif.gif\",\"datePublished\":\"2014-10-31T10:52:50+00:00\",\"dateModified\":\"2015-04-16T07:31:52+00:00\",\"breadcrumb\":{\"@id\":\"https:\\\/\\\/www.kathtreff.org\\\/blog\\\/impressum\\\/#breadcrumb\"},\"inLanguage\":\"de\",\"potentialAction\":[{\"@type\":\"ReadAction\",\"target\":[\"https:\\\/\\\/www.kathtreff.org\\\/blog\\\/impressum\\\/\"]}]},{\"@type\":\"ImageObject\",\"inLanguage\":\"de\",\"@id\":\"https:\\\/\\\/www.kathtreff.org\\\/blog\\\/impressum\\\/#primaryimage\",\"url\":\"https:\\\/\\\/www.kathtreff.org\\\/uploads\\\/RTEmagicC_b64ffe8f92.gif.gif\",\"contentUrl\":\"https:\\\/\\\/www.kathtreff.org\\\/uploads\\\/RTEmagicC_b64ffe8f92.gif.gif\"},{\"@type\":\"BreadcrumbList\",\"@id\":\"https:\\\/\\\/www.kathtreff.org\\\/blog\\\/impressum\\\/#breadcrumb\",\"itemListElement\":[{\"@type\":\"ListItem\",\"position\":1,\"name\":\"Home\",\"item\":\"https:\\\/\\\/www.kathtreff.org\\\/blog\\\/\"},{\"@type\":\"ListItem\",\"position\":2,\"name\":\"Impressum\"}]},{\"@type\":\"WebSite\",\"@id\":\"https:\\\/\\\/www.kathtreff.org\\\/blog\\\/#website\",\"url\":\"https:\\\/\\\/www.kathtreff.org\\\/blog\\\/\",\"name\":\"kathTreff Blog\",\"description\":\"Partnersuche f\u00fcr katholische Singles\",\"potentialAction\":[{\"@type\":\"SearchAction\",\"target\":{\"@type\":\"EntryPoint\",\"urlTemplate\":\"https:\\\/\\\/www.kathtreff.org\\\/blog\\\/?s={search_term_string}\"},\"query-input\":{\"@type\":\"PropertyValueSpecification\",\"valueRequired\":true,\"valueName\":\"search_term_string\"}}],\"inLanguage\":\"de\"}]}<\/script>\n<!-- \/ Yoast SEO plugin. -->","yoast_head_json":{"title":"Impressum - kathTreff Blog","robots":{"index":"index","follow":"follow","max-snippet":"max-snippet:-1","max-image-preview":"max-image-preview:large","max-video-preview":"max-video-preview:-1"},"canonical":"https:\/\/www.kathtreff.org\/blog\/impressum\/","twitter_misc":{"Gesch\u00e4tzte Lesezeit":"4\u00a0Minuten"},"schema":{"@context":"https:\/\/schema.org","@graph":[{"@type":"WebPage","@id":"https:\/\/www.kathtreff.org\/blog\/impressum\/","url":"https:\/\/www.kathtreff.org\/blog\/impressum\/","name":"Impressum - kathTreff Blog","isPartOf":{"@id":"https:\/\/www.kathtreff.org\/blog\/#website"},"primaryImageOfPage":{"@id":"https:\/\/www.kathtreff.org\/blog\/impressum\/#primaryimage"},"image":{"@id":"https:\/\/www.kathtreff.org\/blog\/impressum\/#primaryimage"},"thumbnailUrl":"https:\/\/www.kathtreff.org\/uploads\/RTEmagicC_b64ffe8f92.gif.gif","datePublished":"2014-10-31T10:52:50+00:00","dateModified":"2015-04-16T07:31:52+00:00","breadcrumb":{"@id":"https:\/\/www.kathtreff.org\/blog\/impressum\/#breadcrumb"},"inLanguage":"de","potentialAction":[{"@type":"ReadAction","target":["https:\/\/www.kathtreff.org\/blog\/impressum\/"]}]},{"@type":"ImageObject","inLanguage":"de","@id":"https:\/\/www.kathtreff.org\/blog\/impressum\/#primaryimage","url":"https:\/\/www.kathtreff.org\/uploads\/RTEmagicC_b64ffe8f92.gif.gif","contentUrl":"https:\/\/www.kathtreff.org\/uploads\/RTEmagicC_b64ffe8f92.gif.gif"},{"@type":"BreadcrumbList","@id":"https:\/\/www.kathtreff.org\/blog\/impressum\/#breadcrumb","itemListElement":[{"@type":"ListItem","position":1,"name":"Home","item":"https:\/\/www.kathtreff.org\/blog\/"},{"@type":"ListItem","position":2,"name":"Impressum"}]},{"@type":"WebSite","@id":"https:\/\/www.kathtreff.org\/blog\/#website","url":"https:\/\/www.kathtreff.org\/blog\/","name":"kathTreff Blog","description":"Partnersuche f\u00fcr katholische Singles","potentialAction":[{"@type":"SearchAction","target":{"@type":"EntryPoint","urlTemplate":"https:\/\/www.kathtreff.org\/blog\/?s={search_term_string}"},"query-input":{"@type":"PropertyValueSpecification","valueRequired":true,"valueName":"search_term_string"}}],"inLanguage":"de"}]}},"_links":{"self":[{"href":"https:\/\/www.kathtreff.org\/blog\/wp-json\/wp\/v2\/pages\/148","targetHints":{"allow":["GET"]}}],"collection":[{"href":"https:\/\/www.kathtreff.org\/blog\/wp-json\/wp\/v2\/pages"}],"about":[{"href":"https:\/\/www.kathtreff.org\/blog\/wp-json\/wp\/v2\/types\/page"}],"author":[{"embeddable":true,"href":"https:\/\/www.kathtreff.org\/blog\/wp-json\/wp\/v2\/users\/1"}],"replies":[{"embeddable":true,"href":"https:\/\/www.kathtreff.org\/blog\/wp-json\/wp\/v2\/comments?post=148"}],"version-history":[{"count":3,"href":"https:\/\/www.kathtreff.org\/blog\/wp-json\/wp\/v2\/pages\/148\/revisions"}],"predecessor-version":[{"id":450,"href":"https:\/\/www.kathtreff.org\/blog\/wp-json\/wp\/v2\/pages\/148\/revisions\/450"}],"wp:attachment":[{"href":"https:\/\/www.kathtreff.org\/blog\/wp-json\/wp\/v2\/media?parent=148"}],"curies":[{"name":"wp","href":"https:\/\/api.w.org\/{rel}","templated":true}]}}