{"id":112,"date":"2014-10-20T09:31:15","date_gmt":"2014-10-20T09:31:15","guid":{"rendered":"http:\/\/kathtreff.org\/blog\/?page_id=112"},"modified":"2015-10-21T16:47:27","modified_gmt":"2015-10-21T15:47:27","slug":"wissen-wer-der-richtige-ist","status":"publish","type":"page","link":"https:\/\/www.kathtreff.org\/blog\/wissen-wer-der-richtige-ist\/","title":{"rendered":"Wissen, wer der richtige ist!"},"content":{"rendered":"<p><img loading=\"lazy\" decoding=\"async\" class=\"alignleft\" src=\"https:\/\/www.kathtreff.org\/blog\/wp-content\/uploads\/2014\/11\/Cover-niemand-ist-eine-insel.jpg\" alt=\"Niemand ist eine Insel\" width=\"190\" height=\"311\" \/>Wir schicken Ihnen ein kostenloses PDF In leicht verst\u00e4ndlicher Sprache f\u00fcr Nachdenkliche, f\u00fcr Alleinstehende und f\u00fcr Paare. Auch als Diskussionsgrundlage und als Beziehungstest verwendbar!<\/p>\n<p>Gibt es &#8222;den einen richtigen&#8220; \u00fcberhaupt? Worauf muss ich achten, damit ich mich richtig entscheide? Woran erkenne ich, ob ein Partner auch ein &#8222;Partner f\u00fcrs Leben&#8220; sein kann? Welche Grundvoraussetzungen braucht eine Ehe, damit sie gelingt?<\/p>\n","protected":false},"excerpt":{"rendered":"<p>Wir schicken Ihnen ein kostenloses PDF In leicht verst\u00e4ndlicher Sprache f\u00fcr Nachdenkliche, f\u00fcr Alleinstehende und f\u00fcr Paare. Auch als Diskussionsgrundlage und als Beziehungstest verwendbar! Gibt es &#8222;den einen richtigen&#8220; \u00fcberhaupt? Worauf muss ich achten, damit ich mich richtig entscheide? Woran erkenne ich, ob ein Partner auch ein &#8222;Partner f\u00fcrs Leben&#8220; sein kann? Welche Grundvoraussetzungen braucht [&hellip;]<\/p>\n","protected":false},"author":1,"featured_media":0,"parent":0,"menu_order":0,"comment_status":"open","ping_status":"open","template":"page_landing.php","meta":{"_genesis_hide_title":false,"_genesis_hide_breadcrumbs":false,"_genesis_hide_singular_image":false,"_genesis_hide_footer_widgets":false,"_genesis_custom_body_class":"","_genesis_custom_post_class":"","_genesis_layout":"full-width-content","footnotes":""},"class_list":{"0":"post-112","1":"page","2":"type-page","3":"status-publish","5":"entry"},"yoast_head":"<!-- This site is optimized with the Yoast SEO plugin v27.5 - https:\/\/yoast.com\/product\/yoast-seo-wordpress\/ -->\n<title>Wissen, wer der richtige ist!  - kathTreff Blog<\/title>\n<meta name=\"robots\" content=\"index, follow, max-snippet:-1, max-image-preview:large, max-video-preview:-1\" \/>\n<link rel=\"canonical\" href=\"https:\/\/www.kathtreff.org\/blog\/wissen-wer-der-richtige-ist\/\" \/>\n<script type=\"application\/ld+json\" class=\"yoast-schema-graph\">{\"@context\":\"https:\\\/\\\/schema.org\",\"@graph\":[{\"@type\":\"WebPage\",\"@id\":\"https:\\\/\\\/www.kathtreff.org\\\/blog\\\/wissen-wer-der-richtige-ist\\\/\",\"url\":\"https:\\\/\\\/www.kathtreff.org\\\/blog\\\/wissen-wer-der-richtige-ist\\\/\",\"name\":\"Wissen, wer der richtige ist! - kathTreff Blog\",\"isPartOf\":{\"@id\":\"https:\\\/\\\/www.kathtreff.org\\\/blog\\\/#website\"},\"primaryImageOfPage\":{\"@id\":\"https:\\\/\\\/www.kathtreff.org\\\/blog\\\/wissen-wer-der-richtige-ist\\\/#primaryimage\"},\"image\":{\"@id\":\"https:\\\/\\\/www.kathtreff.org\\\/blog\\\/wissen-wer-der-richtige-ist\\\/#primaryimage\"},\"thumbnailUrl\":\"https:\\\/\\\/www.kathtreff.org\\\/blog\\\/wp-content\\\/uploads\\\/2014\\\/11\\\/Cover-niemand-ist-eine-insel.jpg\",\"datePublished\":\"2014-10-20T09:31:15+00:00\",\"dateModified\":\"2015-10-21T15:47:27+00:00\",\"breadcrumb\":{\"@id\":\"https:\\\/\\\/www.kathtreff.org\\\/blog\\\/wissen-wer-der-richtige-ist\\\/#breadcrumb\"},\"inLanguage\":\"de\",\"potentialAction\":[{\"@type\":\"ReadAction\",\"target\":[\"https:\\\/\\\/www.kathtreff.org\\\/blog\\\/wissen-wer-der-richtige-ist\\\/\"]}]},{\"@type\":\"ImageObject\",\"inLanguage\":\"de\",\"@id\":\"https:\\\/\\\/www.kathtreff.org\\\/blog\\\/wissen-wer-der-richtige-ist\\\/#primaryimage\",\"url\":\"https:\\\/\\\/www.kathtreff.org\\\/blog\\\/wp-content\\\/uploads\\\/2014\\\/11\\\/Cover-niemand-ist-eine-insel.jpg\",\"contentUrl\":\"https:\\\/\\\/www.kathtreff.org\\\/blog\\\/wp-content\\\/uploads\\\/2014\\\/11\\\/Cover-niemand-ist-eine-insel.jpg\",\"width\":190,\"height\":311},{\"@type\":\"BreadcrumbList\",\"@id\":\"https:\\\/\\\/www.kathtreff.org\\\/blog\\\/wissen-wer-der-richtige-ist\\\/#breadcrumb\",\"itemListElement\":[{\"@type\":\"ListItem\",\"position\":1,\"name\":\"Home\",\"item\":\"https:\\\/\\\/www.kathtreff.org\\\/blog\\\/\"},{\"@type\":\"ListItem\",\"position\":2,\"name\":\"Wissen, wer der richtige ist!\"}]},{\"@type\":\"WebSite\",\"@id\":\"https:\\\/\\\/www.kathtreff.org\\\/blog\\\/#website\",\"url\":\"https:\\\/\\\/www.kathtreff.org\\\/blog\\\/\",\"name\":\"kathTreff Blog\",\"description\":\"Partnersuche f\u00fcr katholische Singles\",\"potentialAction\":[{\"@type\":\"SearchAction\",\"target\":{\"@type\":\"EntryPoint\",\"urlTemplate\":\"https:\\\/\\\/www.kathtreff.org\\\/blog\\\/?s={search_term_string}\"},\"query-input\":{\"@type\":\"PropertyValueSpecification\",\"valueRequired\":true,\"valueName\":\"search_term_string\"}}],\"inLanguage\":\"de\"}]}<\/script>\n<!-- \/ Yoast SEO plugin. -->","yoast_head_json":{"title":"Wissen, wer der richtige ist!  - kathTreff Blog","robots":{"index":"index","follow":"follow","max-snippet":"max-snippet:-1","max-image-preview":"max-image-preview:large","max-video-preview":"max-video-preview:-1"},"canonical":"https:\/\/www.kathtreff.org\/blog\/wissen-wer-der-richtige-ist\/","schema":{"@context":"https:\/\/schema.org","@graph":[{"@type":"WebPage","@id":"https:\/\/www.kathtreff.org\/blog\/wissen-wer-der-richtige-ist\/","url":"https:\/\/www.kathtreff.org\/blog\/wissen-wer-der-richtige-ist\/","name":"Wissen, wer der richtige ist! - kathTreff Blog","isPartOf":{"@id":"https:\/\/www.kathtreff.org\/blog\/#website"},"primaryImageOfPage":{"@id":"https:\/\/www.kathtreff.org\/blog\/wissen-wer-der-richtige-ist\/#primaryimage"},"image":{"@id":"https:\/\/www.kathtreff.org\/blog\/wissen-wer-der-richtige-ist\/#primaryimage"},"thumbnailUrl":"https:\/\/www.kathtreff.org\/blog\/wp-content\/uploads\/2014\/11\/Cover-niemand-ist-eine-insel.jpg","datePublished":"2014-10-20T09:31:15+00:00","dateModified":"2015-10-21T15:47:27+00:00","breadcrumb":{"@id":"https:\/\/www.kathtreff.org\/blog\/wissen-wer-der-richtige-ist\/#breadcrumb"},"inLanguage":"de","potentialAction":[{"@type":"ReadAction","target":["https:\/\/www.kathtreff.org\/blog\/wissen-wer-der-richtige-ist\/"]}]},{"@type":"ImageObject","inLanguage":"de","@id":"https:\/\/www.kathtreff.org\/blog\/wissen-wer-der-richtige-ist\/#primaryimage","url":"https:\/\/www.kathtreff.org\/blog\/wp-content\/uploads\/2014\/11\/Cover-niemand-ist-eine-insel.jpg","contentUrl":"https:\/\/www.kathtreff.org\/blog\/wp-content\/uploads\/2014\/11\/Cover-niemand-ist-eine-insel.jpg","width":190,"height":311},{"@type":"BreadcrumbList","@id":"https:\/\/www.kathtreff.org\/blog\/wissen-wer-der-richtige-ist\/#breadcrumb","itemListElement":[{"@type":"ListItem","position":1,"name":"Home","item":"https:\/\/www.kathtreff.org\/blog\/"},{"@type":"ListItem","position":2,"name":"Wissen, wer der richtige ist!"}]},{"@type":"WebSite","@id":"https:\/\/www.kathtreff.org\/blog\/#website","url":"https:\/\/www.kathtreff.org\/blog\/","name":"kathTreff Blog","description":"Partnersuche f\u00fcr katholische Singles","potentialAction":[{"@type":"SearchAction","target":{"@type":"EntryPoint","urlTemplate":"https:\/\/www.kathtreff.org\/blog\/?s={search_term_string}"},"query-input":{"@type":"PropertyValueSpecification","valueRequired":true,"valueName":"search_term_string"}}],"inLanguage":"de"}]}},"_links":{"self":[{"href":"https:\/\/www.kathtreff.org\/blog\/wp-json\/wp\/v2\/pages\/112","targetHints":{"allow":["GET"]}}],"collection":[{"href":"https:\/\/www.kathtreff.org\/blog\/wp-json\/wp\/v2\/pages"}],"about":[{"href":"https:\/\/www.kathtreff.org\/blog\/wp-json\/wp\/v2\/types\/page"}],"author":[{"embeddable":true,"href":"https:\/\/www.kathtreff.org\/blog\/wp-json\/wp\/v2\/users\/1"}],"replies":[{"embeddable":true,"href":"https:\/\/www.kathtreff.org\/blog\/wp-json\/wp\/v2\/comments?post=112"}],"version-history":[{"count":3,"href":"https:\/\/www.kathtreff.org\/blog\/wp-json\/wp\/v2\/pages\/112\/revisions"}],"predecessor-version":[{"id":487,"href":"https:\/\/www.kathtreff.org\/blog\/wp-json\/wp\/v2\/pages\/112\/revisions\/487"}],"wp:attachment":[{"href":"https:\/\/www.kathtreff.org\/blog\/wp-json\/wp\/v2\/media?parent=112"}],"curies":[{"name":"wp","href":"https:\/\/api.w.org\/{rel}","templated":true}]}}